factor of 2 and 25491654?
2
What is the highest common factor of 823368 and 53157?
1131
What is the highest common factor of 11561 and 176?
11
What is the highest common divisor of 5699783 and 642?
107
What is the greatest common divisor of 180395 and 19293?
109
Calculate the greatest common factor of 17646 and 6255354.
102
Calculate the greatest common divisor of 114 and 493540998.
114
What is the highest common divisor of 210830040 and 8100?
1620
What is the greatest common divisor of 10 and 393379450?
10
Calculate the highest common divisor of 2311357748 and 28.
28
Calculate the greatest common divisor of 4305803 and 49901.
139
What is the greatest common factor of 303 and 2844693?
3
Calculate the greatest common factor of 323483 and 3477.
61
What is the highest common factor of 340 and 38700296?
68
What is the greatest common divisor of 726438 and 738?
246
Calculate the greatest common factor of 107578746 and 22.
22
Calculate the greatest common divisor of 45578 and 762112.
26
Calculate the greatest common divisor of 15 and 291155570.
5
What is the highest common divisor of 38 and 9690400?
2
Calculate the greatest common factor of 14 and 36844241.
7
What is the greatest common divisor of 63097 and 8?
1
Calculate the greatest common factor of 10574155 and 3.
1
What is the highest common divisor of 2004695 and 69905?
2255
What is the highest common factor of 2423213 and 208?
13
Calculate the greatest common divisor of 8285991 and 42.
21
Calculate the highest common divisor of 1044 and 5954628.
348
What is the highest common divisor of 903530560 and 865?
865
Calculate the greatest common factor of 80 and 72371855.
5
What is the greatest common divisor of 18695341 and 49?
7
Calculate the highest common factor of 1994163 and 141.
141
Calculate the greatest common divisor of 568 and 776243.
71
What is the greatest common factor of 22105697 and 1829?
31
Calculate the greatest common factor of 2717754 and 546.
78
Calculate the greatest common divisor of 866491 and 2117.
29
What is the highest common divisor of 432 and 65344914?
54
Calculate the highest common divisor of 12395136 and 4.
4
What is the greatest common factor of 358534294 and 2014?
2014
Calculate the greatest common divisor of 87698380 and 110.
110
What is the greatest common factor of 207 and 6894?
9
What is the highest common factor of 544 and 74706602?
34
Calculate the highest common factor of 15223760 and 16.
16
What is the greatest common factor of 333 and 17714601?
333
Calculate the highest common divisor of 1829599 and 146.
73
What is the highest common factor of 397159421 and 4649?
4649
What is the greatest common factor of 589706 and 8892?
26
Calculate the highest common factor of 1895617 and 10521.
167
What is the highest common divisor of 67388 and 163067068?
3964
What is the highest common factor of 102 and 435809552?
34
Calculate the greatest common divisor of 3950260 and 27036.
3004
What is the greatest common factor of 5316 and 15091238?
886
What is the highest common factor of 14454 and 2324466?
1314
Calculate the greatest common divisor of 417 and 126453.
3
What is the greatest common factor of 7294818 and 138?
138
Calculate the greatest common factor of 17526408 and 744.
744
What is the greatest common divisor of 4608023 and 63?
7
Calculate the greatest common factor of 141125 and 540375.
125
Calculate the greatest common factor of 382524 and 473964.
1524
Calculate the greatest common factor of 7 and 1045004583.
7
Calculate the greatest common divisor of 1857039723 and 2079.
2079
Calculate the greatest common divisor of 6 and 5735778.
6
What is the greatest common divisor of 3850 and 5956720?
770
Calculate the highest common divisor of 12533 and 131804.
83
Calculate the highest common divisor of 80064 and 14364.
36
What is the greatest common divisor of 15535 and 3826390?
1195
What is the highest common divisor of 14713963 and 44?
11
What is the greatest common divisor of 21630680 and 1760?
40
Calculate the greatest common factor of 60360 and 15345.
15
What is the greatest common divisor of 157480 and 1785600?
1240
What is the highest common divisor of 25099 and 2113009?
19
What is the greatest common divisor of 99789 and 1159617?
3441
What is the highest common divisor of 86832 and 202809?
201
Calculate the greatest common divisor of 76024 and 200226.
442
Calculate the greatest common factor of 739509040 and 2932.
2932
What is the greatest common divisor of 2505705178 and 9194?
9194
Calculate the greatest common divisor of 2 and 4472162.
2
What is the highest common factor of 707848 and 4232?
184
Calculate the highest common divisor of 13775 and 142050.
25
What is the greatest common factor of 149667770 and 4270?
4270
What is the greatest common divisor of 11458 and 133429758?
674
Calculate the greatest common factor of 8513645 and 1215.
5
What is the highest common divisor of 671616 and 1170?
18
Calculate the highest common divisor of 5322991 and 2.
1
What is the highest common factor of 7675798 and 296?
74
Calculate the highest common factor of 898592 and 20.
4
Calculate the greatest common factor of 3242147398 and 14.
14
What is the highest common divisor of 74646 and 97416?
198
What is the greatest common divisor of 206346330 and 50?
10
Calculate the greatest common divisor of 2732 and 196501832.
2732
Calculate the highest common factor of 841 and 5976175.
29
Calculate the greatest common factor of 116 and 55780717.
29
Calculate the greatest common factor of 34936 and 362346664.
3176
Calculate the greatest common divisor of 75 and 189347055.
15
What is the greatest common divisor of 1034 and 4958641?
47
What is the highest common divisor of 22106 and 4787528?
3158
What is the greatest common factor of 1028 and 117052706?
514
What is the highest common divisor of 39510 and 663?
3
Calculate the highest common divisor of 1628744194 and 187.
187
Calculate the highest common factor of 13 and 543893363.
13
Calculate the greatest common factor of 257057 and 1360.
17
Calculate the greatest common factor of 96 and 58410208.
32
What is the highest common divisor of 53460944 and 176?
16
What is the greatest common divisor of 14518960 and 56?
8
What is the highest common factor of 50924 and 89436?
116
What is the highest common factor of 1788 and 8928372?
12
Calculate the highest common factor of 12670536 and 324.
12
What is the highest common divisor of 452717 and 577907?
107
Calculate the highest common factor of 23729650 and 270298.
6286
Calculate the greatest common divisor of 2007 and 185605353.
2007
What is the highest common divisor of 280719833 and 277?
277
Calculate the greatest common divisor of 8 and 9138292.
4
Calculate the greatest common factor of 3883349 and 202.
101
Calculate the highest common factor of 529 and 1863621.
23
What is the highest common factor of 6704 and 17664?
16
Calculate the greatest common divisor of 3591358 and 2626.
202
Calculate the greatest common factor of 45529795 and 3515.
3515
What is the greatest common divisor of 110 and 877745?
55
What is the greatest common factor of 22008 and 26301394?
1834
What is the greatest common factor of 64642935 and 13272?
1659
Calculate the greatest common factor of 1259466 and 260.
26
Calculate the highest common divisor of 82023 and 170943.
57
What is the highest common divisor of 1848551825 and 25?
25
What is the highest common divisor of 7056976 and 3859?
227
Calculate the greatest common divisor of 6339690 and 1044.
522
Calculate the highest common factor of 12 and 85925604.
12
What is the highest common factor of 5724512 and 46648?
136
Calculate the highest common divisor of 43694294 and 18410.
3682
Calculate the greatest common divisor of 79777794 and 27924.
1074
Calculate the greatest common factor of 2161258 and 66.
22
Calculate the highest common divisor of 533270 and 50.
10
Calculate the highest common divisor of 3209336 and 208.
104
What is the highest common divisor of 4120 and 1649000?
40
What is the highest common factor of 32966 and 19292?
106
Calculate the greatest common factor of 2370520 and 48.
8
What is the greatest common factor of 312 and 17615052?
156
What is the highest common factor of 1278 and 1190670?
426
What is the greatest common divisor of 22667539 and 183?
61
What